hat is the remainder when 3590 is divided by k?
249
Let b = 137 - 149. Let i(l) = -13*l - 112. What is the remainder when i(b) is divided by 7?
2
Suppose -3*w + 606*a - 609*a = -123, 3*a = -5*w + 197. What is the remainder when 146 is divided by w?
35
Suppose 9*k = 6*k - 30. What is the remainder when (-16)/k*(25 + -20 + 10) is divided by 11?
2
Let x(s) = -s**3 - 4*s**2 + 4*s - 17. Suppose -3*v + 564 = 5*d, 2*d - 186 = -v + d. What is the remainder when v is divided by x(-6)?
28
Suppose 51*f + 85 + 153 = 58*f. What is the remainder when 231 is divided by f?
27
Suppose -x + 231 = -2*a + 1805, a = 4*x + 780. Calculate the remainder when a is divided by 134.
118
Suppose u + 111 - 132 = 0. Calculate the remainder when u is divided by 10.
1
Suppose q + 523 = 4*o + 537, 4*q - 2*o = 28. Calculate the remainder when 3346 is divided by q.
4
Let d(j) = 17*j - 2020. What is the remainder when d(122) is divided by (-4)/(-2) + 0 + 12?
12
Suppose 4*v + v = 365. What is the remainder when v is divided by (279/36 - 16/4)/(60/240)?
13
Suppose 0*u - 9 = 3*u, 9 = 3*d - u. Let n(l) = l + 5*l + 7*l - l - 7. What is the remainder when n(d) is divided by 4?
1
Let s be (-63)/21 - (138 - 1). Let w = -91 - s. Calculate the remainder when w is divided by 25.
24
Suppose 2*b - 2793 = 3*g, 0 = 5*b + 483*g - 481*g - 6973. What is the remainder when b is divided by 78?
69
What is the remainder when 507 is divided by ((-8)/5)/4 + (-27753)/(-145)?
125
Suppose 3*s - 1328 = -s. Suppose -169 = -3*i + p, -i + 59 = -64*p + 61*p. Calculate the remainder when s is divided by i.
52
Suppose 9033 = 21*p + 7143. Calculate the remainder when 391 is divided by p.
31
Suppose 14 + 0 = 2*h. Calculate the remainder when 64/80*((-371)/56 - -8)*10 is divided by h.
4
Let g = -1 + 29. Let c(s) = -265*s + 83. Calculate the remainder when c(0) is divided by g.
27
Let r(m) = 17 - 12*m + m**2 + 18*m + 0*m**2. Let x be r(-7). Suppose 5*o = 6*o - x. Calculate the remainder when o is divided by 7.
3
Let f(r) = -75*r - 256. Let j(g) = 73*g + 256. Let v(z) = -2*f(z) - 3*j(z). What is the remainder when v(-7) is divided by 33?
29
Suppose 5*c - 7*c + 59 = 21. What is the remainder when 1517 is divided by c?
16
Let r(o) = o**3 + 8*o**2 + 8*o - 6. Let c be r(-6). Let k = 553 + -477. Suppose c*q = 14*q + k. Calculate the remainder when 36 is divided by q.
17
Suppose 5*n - 337 = -102. Calculate the remainder when 15 + ((-774)/(-1806))/((-1)/(-350)) is divided by n.
24
Let y(w) = -2*w**3 - 50*w**2 - 48*w + 160. Calculate the remainder when y(-24) is divided by 109.
51
Let j = 166 - 164. Suppose -t = -2*q + 23, -j*q - t = -3*q + 13. Calculate the remainder when 47 is divided by q.
7
Suppose 0*s + 21 = q + 4*s, -5*q + 4*s = -225. Let z = -30 + q. What is the remainder when 40 is divided by z?
7
Let l = -57 - -75. Let h be 3 - (-6)/(l/(-129)). What is the remainder when 38 is divided by h/7*98/(-28)?
18
Let s = -53744 + 53756. Suppose -6*z = -z - 50. Suppose 53 = 3*i - z. What is the remainder when i is divided by s?
9
Calculate the remainder when 7 is divided by (4136/(-616) - 7*-1)*14.
3
Suppose 21*h + s - 376 = 0, 6 = -3*s - 0. Calculate the remainder when 196 is divided by h.
16
Let g(a) = -12*a + 208. Suppose 25*r - 369 = -16*r. Suppose -5*o = 5*b - 135, -b + 58 = b - 2*o. What is the remainder when g(r) is divided by b?
16
Let j = 5530 + -9042. Let d be (-18)/(-126) - j/14. Calculate the remainder when (d - -7)*2/3 is divided by 35.
32
Let k = 2245 + -1781. Calculate the remainder when k is divided by 65.
9
Calculate the remainder when 255 is divided by (-21 - (10 + -22)) + 103.
67
Suppose 17785 + 53969 = 83*j + 8093. Calculate the remainder when j is divided by 207.
146
Suppose 37*b + 3 = -108. Calculate the remainder when 176 is divided by 6/(-18) - b/(45/830).
11
Suppose -169*o + 15065 = -38*o. Suppose -5*f - 78 = -x, -33 = -2*x + x - 4*f. Calculate the remainder when o is divided by x.
9
Let b(d) = -d - 3. Suppose 536 = -3*z + 650. Calculate the remainder when z is divided by b(-6).
2
Let f be (1380/(-2))/(-2) + 0/20. Suppose 0 = -5*h - 3*p + f, 13*p + 207 = 3*h + 15*p. What is the remainder when h is divided by 18?
15
Let i(x) = -x**3 + 6*x**2 + 31*x + 63. Let a(k) = -k**3 + 5*k + 5. What is the remainder when a(-7) is divided by i(0)?
61
Let x(i) = 15 - 47*i + 4 - 35 - 17 - 14. What is the remainder when x(-2) is divided by 24?
23
What is the remainder when 11997 is divided by (-6240)/65*2/(-8)?
21
Calculate the remainder when 2453 is divided by (9/(-27))/(1970/(-984) + 2).
157
Let a(j) = -29*j + 4. Suppose 25 = 4*g - 47. Suppose -28 = -14*n + g*n. What is the remainder when a(n) is divided by 42?
39
Let o(q) = -q + 6. Suppose -4*f = 3*p - 10 + 43, -6 = 2*f - 2*p. Calculate the remainder when o(2) is divided by 2/11 + 172/22 + f.
0
Let c = 17388 - 16545. Calculate the remainder when c is divided by 21.
3
Suppose -12*c = -671 - 373. Let v = 60 - 25. Calculate the remainder when c is divided by v.
17
Let p = 57 - 49. Suppose -12*s = -8*s + p. What is the remainder when 68 is divided by s*28/(-6)*(-30)/(-20)?
12
Let x(f) = f**2 + 6*f - 63. Let o be -2 - 5 - (8 + -5). Let k = -5 - o. Calculate the remainder when x(-12) is divided by k.
4
Let r = 428 - 190. Let a = r - 224. What is the remainder when a is divided by 3?
2
Let s(q) = 7*q**2 - q - 2. Let m be s(-1). What is the remainder when 159 is divided by 1 + 2/4 + 111/m?
19
Let u be 7 - ((1 - (-2 - -3)) + 2). Calculate the remainder when 6/(-14) - ((-202)/14 + u) is divided by 4.
1
Suppose 0 = -149*o - 8625 + 30379. What is the remainder when o is divided by 22?
14
Suppose -4*t + 135 = 3*n, 8 = -n + 5*t + 72. Let o = 2 - -17. What is the remainder when n is divided by o?
11
Suppose 0 = -x - 3*u + 19 + 13, -4*x - 2*u + 148 = 0. Suppose 2927*r = 2929*r - 782. Suppose r*d - 384*d = 42. Calculate the remainder when x is divided by d.
2
Suppose h = -4, -z + 2*h + 16 = -h. Suppose -5*k + 594 = 17*k. What is the remainder when k is divided by z?
3
Let k(s) = -4*s**2 + 15*s - 21. Let b be k(4). Calculate the remainder when 218 is divided by 2/(-3) - 39/9 - b.
18
Let w(y) = y**3 + y**2 + 4*y - 4. Let v be w(4). Let b = 211 - v. What is the remainder when b is divided by 14?
7
Let w(i) = 3 + 0*i - 1 + 0*i - 7*i. Let x be w(0). What is the remainder when 56 is divided by (-1)/(-2)*x - (15 - 33)?
18
Suppose 26*o - 12816 + 4866 = -4*o. Calculate the remainder when o is divided by 45.
40
Suppose 5*z - 1963 = 2*q - 198, 0 = 3*z + 4*q - 1059. What is the remainder when z is divided by 21?
17
Let k = -2997 + 3018. Calculate the remainder when 206 is divided by k.
17
Suppose 0 = -4*f - 11 + 43. Let d be (-2 - 1) + 56/2. Suppose -2*b = 3*t - d, 10*t = 6*t + b + 37. Calculate the remainder when t is divided by f.
1
Let m = 53 + -22. Suppose 703 = 15*u + 203 - 385. Calculate the remainder when u is divided by m.
28
Let f(h) = -409*h**3 - h. Let c be f(1). Let l = c - -511. What is the remainder when 218 is divided by l?
16
Let y(f) = -41*f + 103. Let p be y(-8). Let d = 605 - p. Calculate the remainder when d is divided by 94.
80
Let r(h) be the first derivative of -5*h**2/2 + 30*h - 8. Suppose 5*o - 4*j = 50, j = -4*o + 4*j + 41. What is the remainder when r(-5) is divided by o?
13
Suppose 4*v + 4 = -2*z + 24, -3*z + 4*v - 10 = 0. Let r = -137 + 127. Let y(a) = a**3 + 11*a**2 + 11*a + 18. Calculate the remainder when y(r) is divided by z.
0
Suppose -k + 11*x = 10*x - 177, 0 = -2*x - 4. What is the remainder when 707 is divided by k?
7
Let u(f) = -2*f**2 - 396*f - 6087. Suppose 4*n = 51 + 17. Calculate the remainder when u(-17) is divided by n.
16
Let i(a) = 7*a - 74. Let v be i(10). What is the remainder when ((-84)/35)/(v + (-9748)/(-2440)) is divided by 14?
12
Let f(q) = q**3 + 57*q**2 + 33*q - 678. Calculate the remainder when f(-56) is divided by 50.
10
Let f = 4921 - 4916. Let y = -10 - -23. Suppose -8*t = -y*t + 50. What is the remainder when t is divided by f?
0
Let u = 141 + -138. Calculate the remainder when ((-132)/8)/(u/(-18)) is divided by 13.
8
Let o(h) = 5*h + 354. What is the remainder when o(-29) is divided by (-31)/(-1 - 0/5)?
23
Suppose 2*n - 463 - 2845 = 4*g, 0 = -g + 3*n - 822. What is the remainder when 229 is divided by (18/(-21))/6 - g/14?
52
Let k